oes 565 divide 62467530?
True
Is 101733269 a multiple of 10433?
False
Is 359 a factor of 109367664?
False
Is 2156977922 a multiple of 655?
False
Is 82200927 a multiple of 8?
False
Is 234 a factor of 733806431?
False
Is 27738304 a multiple of 6?
False
Is 19843465 a multiple of 209?
False
Is 4586000 a multiple of 3?
False
Is 14602547 a multiple of 7?
False
Does 748 divide 129099698?
False
Is 456 a factor of 26435688?
True
Is 25175093 a multiple of 3?
False
Is 34 a factor of 26289922?
True
Does 31 divide 153376679?
False
Does 312 divide 110924096?
False
Is 10 a factor of 122397994?
False
Does 7 divide 10939845?
True
Is 427984275 a multiple of 201?
True
Does 24 divide 10840752?
True
Does 307 divide 37998049?
False
Is 4011301 a multiple of 639?
False
Does 15 divide 44271885?
True
Is 4 a factor of 26775772?
True
Does 115 divide 4274090?
True
Does 281 divide 9508478?
True
Does 12 divide 27224664?
True
Is 4267217 a multiple of 3?
False
Is 3405162381 a multiple of 2271?
True
Is 1374 a factor of 1164202566?
True
Is 1645 a factor of 90539155?
True
Is 660794605 a multiple of 4127?
True
Is 437032512 a multiple of 72?
True
Is 9 a factor of 89078967?
True
Is 628 a factor of 5474146?
False
Does 584 divide 1073562528?
True
Is 35 a factor of 47127780?
True
Is 96044998 a multiple of 4282?
False
Is 3076443487 a multiple of 46?
False
Is 37972584 a multiple of 540?
False
Does 50 divide 11119700?
True
Is 232325742 a multiple of 843?
True
Is 60 a factor of 92364170?
False
Does 295 divide 1516860832?
False
Is 29 a factor of 2062045?
True
Does 1423 divide 44915823?
False
Is 101971012 a multiple of 94?
True
Is 1104 a factor of 163428432?
True
Is 60991478 a multiple of 34?
True
Does 188 divide 33981282?
False
Does 115 divide 481902095?
True
Does 18 divide 150717373?
False
Is 8224606 a multiple of 26?
True
Does 68 divide 215555022?
False
Is 18203149 a multiple of 113?
False
Does 20 divide 4074657?
False
Is 204762450 a multiple of 1475?
True
Is 220553900 a multiple of 2369?
True
Does 8 divide 161260784?
True
Is 5072328 a multiple of 66?
False
Is 10339 a factor of 2267278039?
False
Does 93 divide 366955525?
False
Is 195 a factor of 34070400?
True
Is 92300769 a multiple of 12?
False
Is 1369 a factor of 864508441?
True
Does 82 divide 2047868?
True
Is 714 a factor of 84190584?
False
Does 598 divide 467037991?
False
Does 53 divide 1649218172?
True
Is 1529 a factor of 26546460?
False
Is 48103167 a multiple of 7?
True
Is 10836 a factor of 865785564?
True
Does 257 divide 14624140?
False
Does 13 divide 246529087?
False
Does 1537 divide 435979065?
False
Does 873 divide 62586243?
True
Does 122 divide 568068722?
True
Is 59535905 a multiple of 143?
True
Is 520 a factor of 123792896?
False
Is 5875 a factor of 298060531?
False
Is 1495 a factor of 33106775?
True
Does 34 divide 17133177?
False
Is 192 a factor of 249316097?
False
Is 4586572 a multiple of 40?
False
Does 224 divide 361312108?
False
Does 465 divide 1071747345?
True
Is 38168212 a multiple of 82?
True
Is 23650268 a multiple of 882?
False
Is 335 a factor of 1320404826?
False
Is 244 a factor of 280532409?
False
Is 547902291 a multiple of 166?
False
Does 81 divide 339707436?
False
Does 5 divide 60978315?
True
Is 596 a factor of 28399644?
False
Is 1447 a factor of 43433152?
True
Does 35 divide 594211655?
False
Is 139 a factor of 9514619?
False
Is 654 a factor of 2022168?
True
Is 9867836 a multiple of 11?
True
Is 44 a factor of 49218340?
False
Is 7 a factor of 31794525?
True
Does 16 divide 267980160?
True
Does 48 divide 2278781040?
True
Is 42 a factor of 82025306?
False
Is 9812847 a multiple of 4?
False
Does 7 divide 47380142?
False
Is 2091504323 a multiple of 12?
False
Is 646517679 a multiple of 78?
False
Is 21 a factor of 846750121?
False
Does 19 divide 781616436?
False
Does 1135 divide 85406480?
True
Does 72 divide 88270695?
False
Does 25 divide 29416600?
True
Is 150959170 a multiple of 1655?
True
Does 20 divide 997140?
True
Is 53632980 a multiple of 30?
True
Does 6 divide 17308980?
True
Does 2 divide 2389155?
False
Is 23 a factor of 1371685677?
False
Does 5 divide 116924072?
False
Is 14 a factor of 1018008415?
False
Is 1362 a factor of 569482272?
False
Is 8357206 a multiple of 389?
False
Does 170 divide 662892299?
False
Does 61 divide 13275122?
False
Is 66460519 a multiple of 39?
False
Is 18 a factor of 21804835?
False
Does 15 divide 66724?
False
Does 426 divide 534653004?
True
Does 3014 divide 140985878?
True
Does 2046 divide 721828404?
False
Does 522 divide 32534283?
False
Is 100 a factor of 74235871?
False
Is 170523257 a multiple of 1799?
False
Is 102 a factor of 230647975?
False
Does 6 divide 6841537?
False
Does 1190 divide 31726550?
False
Is 2438 a factor of 39732086?
True
Is 363224730 a multiple of 330?
True
Is 66748000 a multiple of 20?
True
Does 72 divide 1418195560?
False
Is 4966190 a multiple of 73?
True
Is 250782156 a multiple of 2628?
True
Is 13 a factor of 433637078?
False
Is 509 a factor of 19453471?
True
Is 546782088 a multiple of 12?
True
Does 2 divide 15078816?
True
Does 16 divide 13384401?
False
Does 18 divide 4124242?
False
Is 188072937 a multiple of 301?
False
Is 53030534 a multiple of 13?
False
Is 28446940 a multiple of 309?
False
Is 51663042 a multiple of 2434?
False
Is 10843088 a multiple of 47?
True
Is 3258613 a multiple of 58?
False
Is 1318 a factor of 719115428?
False
Does 164 divide 1185783724?
False
Is 113067029 a multiple of 3?
False
Is 128488502 a multiple of 58?
True
Is 56986971 a multiple of 187?
False
Is 153156296 a multiple of 32?
False
Does 66 divide 20515909?
False
Is 252 a factor of 29056660?
False
Is 211 a factor of 495018449?
True
Is 569 a factor of 100480279?
True
Does 734 divide 1666572690?
True
Is 13028961 a multiple of 33?
True
Does 19 divide 1560100889?
False
Does 2985 divide 75374860?
False
Is 166426988 a multiple of 1339?
True
Is 434 a factor of 37449860?
True
Does 6355 divide 254346165?
True
Does 13 divide 1723330?
False
Is 252 a factor of 24025428?
True
Is 19028682 a multiple of 54?
True
Is 65 a factor of 124354620?
True
Does 76 divide 37601045?
False
Is 2147068482 a multiple of 221?
True
Is 2 a factor of 20655760?
True
Is 58635179 a multiple of 47?
True
Does 10 divide 85236304?
False
Is 417 a factor of 173362329?
True
Does 922 divide 61548809?
False
Does 2708 divide 105984410?
False
Is 32 a factor of 237354237?
False
Does 201 divide 50047381?
False
Is 995 a factor of 375761750?
True
Does 12 divide 18879576?
True
Is 15 a factor of 2766665533?
False
Is 59 a factor of 620227883?
True
Is 62 a factor of 191741487?
False
Does 8 divide 275443296?
True
Is 4366301 a multiple of 7?
False
Is 24 a factor of 19083305?
False
Is 283 a factor of 168218313?
True
Is 496 a factor of 525773850?
False
Is 35 a factor of 111649286?
False
Is 15 a factor of 448447170?
True
Is 750528439 a multiple of 2810?
False
Is 16 a factor of 6384402?
False
Does 716 divide 5845402?
False
Is 93 a factor of 1382586541?
False
Is 317707648 a multiple of 694?
True
Is 9216634 a multiple of 38?
True
Is 25954721 a multiple of 9?
False
Does 54 divide 201579011?
False
Is 18 a factor of 16195145?
False
Is 18 a factor of 60114294?
True
Is 11136150 a multiple of 3?
True
Is 84186019 a multiple of 13?
False
Is 15 a factor of 97940422?
False
Is 6 a factor of 15339366?
True
Is 20802232 a multiple of 18?
False
Is 188 a factor of 23923564?
True
Is 10 a factor of 171792850?
True
Is 47504418 a multiple of 78?
True
Is 2650243809 a multiple of 2056?
False
Is 18254720 a multiple of 440?
True
Does 153 divide 30985898?
False
Does 1339 divide 403344292?
True
Does 2088 divide 42224986?
False
Is 11005370 a multiple of 38?
True
Is 311789520 a multiple of 1020?
True
Is 6 a factor of 22805916?
True
Is 326 a factor of 229138228?
True
Does 138 divide 130957446?
True
Does 2 divide 1271566?
True
Is 266623379 a multiple of 11?
True
Is 323 a factor of 125084040?
False
Is 19 a factor of 606404386?
False
Is 7682156 a multiple of 68?
False
Is 9 a factor of 64550494?
False
Is 364 a factor of 335892031?
False
Is 24048239 a multiple of 3?
False
Is 494236679 a multiple of 173?
False
Is 473 a factor of 2659453852?
True
Is 2684 a factor of 74448792?
True
Is 142 a factor of 141283134?
False
Is 39720561 a multiple of 16?
False
Does 17 divide 15449918?
False
Is 11